{"id":10,"date":"2012-08-20T20:18:26","date_gmt":"2012-08-20T18:18:26","guid":{"rendered":"https:\/\/www.logis-am-park.de\/?page_id=10"},"modified":"2024-10-13T15:20:19","modified_gmt":"2024-10-13T15:20:19","slug":"logis-2","status":"publish","type":"page","link":"https:\/\/www.logis-am-park.de\/?page_id=10","title":{"rendered":"Logis 2"},"content":{"rendered":"<h3>Logis 2<\/h3>\nngg_shortcode_0_placeholder\n<h2>4&nbsp;Personen<\/h2>\n<h1>Erdgeschoss<\/h1>\n<p>In der Wohnung \u00fcberzeugen neben sch\u00f6nen M\u00f6beln, vielen Details wie Bilder und B\u00fccher auch ein direkten Zugang zur Terrasse sowie ein Kamin.<\/p>\n<p>Diese Ferienwohnung besteht aus einem Wohnzimmer, einem Schlafzimmer, K\u00fcche und Bad sowie einer ger\u00e4umigen Diele mit einer Bibliothek.<\/p>\n<p>B\u00fccher und Spiele laden zum Relaxen und unterhaltsamen Zusammensein ein.<\/p>\n<p>Das Wohnzimmer besitzt eine hochwertige Ausstattung mit Sitzecke, TV und Kamin. Das Ambiente runden passende Bilder ab. Ein gro\u00dfer Esstisch f\u00fcr 14 Personen l\u00e4dt zum gem\u00fctlichen Beisammensein ein. Bei Bedarf k\u00f6nnen im Wohnzimmer bis zu 25 Personen Platz finden. Es bietet somit Platz f\u00fcr kleinere Familienfeiern.<\/p>\n<p>Von hier aus gibt es einen direkten Zugang zu einer Terrasse und dem Garten, der allen G\u00e4sten zur Verf\u00fcgung steht.<\/p>\n<p>Neben dem Doppelbett im Schlafzimmer bietet eine Schlafcouch im Wohnzimmer \u00dcbernachtungsm\u00f6glichkeit f\u00fcr zwei zus\u00e4tzliche G\u00e4ste.<\/p>\n<p>Die K\u00fcche im Erdgeschoss beinhaltet eine Einbauk\u00fcche, Geschirrsp\u00fcler, Herd mit Ceranfeld, einen Tisch f\u00fcr 4 Personen und einen Backofen sowie eine Mikrowelle und nat\u00fcrlich umfangreiche Ausstattung an Geschirr, K\u00fcchenutensilien und Ger\u00e4ten.<\/p>\n<p>Das ansprechende Bad mit Fenster ist mit einer altengerechten Dusche, WC, Urinal und Badm\u00f6beln f\u00fcr ihre Utensilien ausgestattet.<\/p>\n<p>Zum Gesamtobjekt, bestehend aus 4 Ferienwohnungen, geh\u00f6ren insgesamt 3 Parkpl\u00e4tze. Weitere Parkm\u00f6glichkeiten befinden sich im \u00f6ffentlichen Raum ca. 50 m entfernt.<\/p>\n<div class=\"iw-bookingwidget\"><\/div>\n<p><script id=\"iw-bookingwidgetScript\" type=\"text\/javascript\" src=\"https:\/\/www.buchen.travel\/shared\/_expo\/js-scripts\/jquery.responsiveIframeComplete.js\" data-room=\"186187\" data-onlythisroom=\"1\" data-interfaceid=\"40304\" data-cal=\"all\" data-url=\"https:\/\/bookingwidget.im-web.de\"><\/script><\/p>\n","protected":false},"excerpt":{"rendered":"<p>Logis 2 4&nbsp;Personen Erdgeschoss In der Wohnung \u00fcberzeugen neben sch\u00f6nen M\u00f6beln, vielen Details wie Bilder und B\u00fccher auch ein direkten Zugang zur Terrasse sowie ein Kamin. Diese Ferienwohnung besteht aus einem Wohnzimmer, einem Schlafzimmer, K\u00fcche und Bad sowie einer ger\u00e4umigen Diele mit einer Bibliothek. B\u00fccher und Spiele laden zum Relaxen und unterhaltsamen Zusammensein ein. Das &hellip; <a href=\"https:\/\/www.logis-am-park.de\/?page_id=10\" class=\"more-link\"><span class=\"screen-reader-text\">\u201eLogis 2\u201c<\/span> weiterlesen<\/a><\/p>\n","protected":false},"author":1,"featured_media":210,"parent":0,"menu_order":0,"comment_status":"open","ping_status":"open","template":"","meta":{"ngg_post_thumbnail":0,"footnotes":""},"class_list":["post-10","page","type-page","status-publish","has-post-thumbnail","hentry"],"aioseo_notices":[],"_links":{"self":[{"href":"https:\/\/www.logis-am-park.de\/index.php?rest_route=\/wp\/v2\/pages\/10","targetHints":{"allow":["GET"]}}],"collection":[{"href":"https:\/\/www.logis-am-park.de\/index.php?rest_route=\/wp\/v2\/pages"}],"about":[{"href":"https:\/\/www.logis-am-park.de\/index.php?rest_route=\/wp\/v2\/types\/page"}],"author":[{"embeddable":true,"href":"https:\/\/www.logis-am-park.de\/index.php?rest_route=\/wp\/v2\/users\/1"}],"replies":[{"embeddable":true,"href":"https:\/\/www.logis-am-park.de\/index.php?rest_route=%2Fwp%2Fv2%2Fcomments&post=10"}],"version-history":[{"count":7,"href":"https:\/\/www.logis-am-park.de\/index.php?rest_route=\/wp\/v2\/pages\/10\/revisions"}],"predecessor-version":[{"id":1000,"href":"https:\/\/www.logis-am-park.de\/index.php?rest_route=\/wp\/v2\/pages\/10\/revisions\/1000"}],"wp:featuredmedia":[{"embeddable":true,"href":"https:\/\/www.logis-am-park.de\/index.php?rest_route=\/wp\/v2\/media\/210"}],"wp:attachment":[{"href":"https:\/\/www.logis-am-park.de\/index.php?rest_route=%2Fwp%2Fv2%2Fmedia&parent=10"}],"curies":[{"name":"wp","href":"https:\/\/api.w.org\/{rel}","templated":true}]}}